git of c?
3
Let z be -1*3/(-6)*6. Let r be 9/z*(-4)/(-6). Suppose -r*y = -19 + 3. What is the units digit of y?
8
Let n = -19 + 11. Let i = -4 - n. What is the tens digit of 576/42 - i/(-14)?
1
Suppose 0 = 2*b - 6*b. Let n be 1/(-1)*b + 68. Suppose -3*z = 2*j + 15 - n, -2*z = -j + 9. What is the tens digit of j?
1
Suppose -5*c = 5*w - 80, 2*c + 7*w - 40 = 3*w. Suppose -2*l - c = -2*b, -l - 2*l = 5*b - 30. What is the units digit of b?
6
Let b(u) = u**2 - 7*u + 15. Let t be b(11). Suppose -t = -3*x - 8. What is the tens digit of x?
1
Suppose 4*p - 20 + 1 = -j, -24 = -4*p + 4*j. Let o = 8 - p. What is the units digit of o?
3
Let h be 2/((-32)/(-20) + -2). Let k(x) = x**3 + 7*x**2 + 3*x - 6. What is the units digit of k(h)?
9
Suppose 6*h + l - 20 = h, -5*h - 2*l = -15. Let s be 6/(h/2 + -1). Suppose -n = -s*n + 36. What is the units digit of n?
2
Suppose -3*t = -t - 2. Let n be 9/6 - t/(-2). Suppose -3*p - 2*s + 31 = n*s, -38 = -4*p - 2*s. What is the units digit of p?
9
Let o(a) = a**2 + 16*a + 29. What is the hundreds digit of o(13)?
4
Let v(n) be the first derivative of -n**3/3 + 7*n**2/2 - 3*n + 2. Let z be v(6). Suppose 4*u = z*d - 7, d - 3*u + 11 = 2*d. What is the units digit of d?
5
Suppose 0 = -4*x + 3*v + 865, v - 466 = -2*x - 31. What is the hundreds digit of x?
2
Let g be 7 + (-3)/1 + 0. Suppose -b + g = 3. What is the units digit of -2*b - -6*1?
4
Let j be (1 - 1)/(2 - 1). What is the units digit of j - -12 - (5 - 2)?
9
Let k = 5 + -2. Suppose 5 = k*n - 7. Suppose -6 = 2*y - n*y. What is the units digit of y?
3
Let l(k) = -18*k**3 - k. What is the tens digit of l(-1)?
1
Let a(u) = -u + 7. What is the tens digit of a(-3)?
1
Let x = -258 + 486. What is the hundreds digit of x?
2
Suppose 0 = 3*c - f - 350, 0*c + 4*f = -2*c + 252. Suppose -3*q - 4*y = -2*q - 24, -4*q - 5*y = -c. What is the units digit of q?
2
Suppose d - 2*d - 30 = -2*p, -p = d + 15. What is the units digit of (16/d)/((-4)/40)?
8
Let a be (-19)/4 - (-2)/(-8). Let x = -1 - a. What is the units digit of (x/3)/((-4)/(-12))?
4
Suppose 7 = 3*x + 4*j - 29, -4*j + 52 = 5*x. Suppose -3*z = -10 - x. What is the units digit of z?
6
Suppose 3*h - 79 = -2*o, 5*h - 133 = -3*o - o. Suppose -a + 49 = i + 3*i, 5*a - h = 0. What is the tens digit of i?
1
Let u be 10 + (-2 - -1)*2. Let q = 15 - u. What is the units digit of q?
7
Let j(z) be the third derivative of z**4/24 - z**3/2 - 3*z**2. Let g be j(5). Suppose -g*x - 2*x + 12 = 0. What is the units digit of x?
3
Suppose 3*d + 209 = 4*w, 0 = 2*w - 0*w - 3*d - 103. Suppose 5*y = -5*c + y + 55, 4*c + 5*y = w. What is the units digit of c?
7
Let r(u) be the second derivative of -u**4/12 + 7*u**3/6 + u**2 + 4*u. Let z be (0 + -1)*-9 + -2. What is the units digit of r(z)?
2
Suppose y = -4*a + 101, -2 = a - 1. What is the units digit of y?
5
Suppose 0 = 4*q - 4 - 4. Let a = 1 - q. What is the units digit of (0 - a)*1 - -5?
6
Let g = -87 + 164. What is the tens digit of g?
7
Suppose 3*r - 7*r = -16. Suppose 4*m + 40 = 4*j, r*j - 50 = -j + 4*m. What is the tens digit of j?
1
Suppose 4*r + 7*w - 3*w + 32 = 0, -2*w - 20 = 3*r. What is the units digit of r/(-2) + 1 + -2?
1
Suppose -5*f - 3*s + 136 = -88, -4*f + 192 = -4*s. Suppose f - 144 = -2*d. What is the tens digit of d?
4
Suppose 5 + 30 = 5*n. Suppose -s + 15 = 5*q - 6*s, 0 = 3*q + s + n. Let v(j) = 2*j**2 - j - 1. What is the units digit of v(q)?
2
Let d be (2/(-3))/((-8)/84). Let i be (-8)/6*9/2. Let a = d + i. What is the units digit of a?
1
Suppose -5*w - 3*b + 12 = 0, 2*w + w + 5*b = 20. Suppose 5*a = -w*a + 65. Let l = 27 - a. What is the units digit of l?
4
Let y = -162 - -305. What is the units digit of y?
3
Let u = 17 - -16. Suppose 0 = i + i - 10. Suppose -j - 55 = -i*o - 0*j, -u = -3*o + 2*j. What is the tens digit of o?
1
Let j = -176 + 247. What is the tens digit of j?
7
Let z be (0 - 0/3) + 3. Suppose z*b + b = 20. Suppose -2*p + b*p = 36. What is the tens digit of p?
1
Suppose -8*f + 3 = -5*f. Suppose f = -3*b + 37. What is the tens digit of b?
1
Let p be -3*2/(-12)*6. Suppose 3*i = p*f - 33, -3*f + 16 + 16 = -2*i. What is the units digit of f?
0
Let z be 4/(-6) + 7/(-3). Let a(s) = -s**3 - 2*s**2. What is the units digit of a(z)?
9
Let g = 2 + 0. Suppose -g*l = -25 - 37. Suppose 0 = -4*u + 5 + l. What is the units digit of u?
9
Let f = 95 + 14. What is the units digit of f?
9
Let j(q) = 1. Let z(y) = -y + 5. Let u(t) = -5*j(t) + z(t). What is the units digit of u(-10)?
0
Suppose t - 42 = 4*t. Let l(c) = -c - 4. What is the units digit of l(t)?
0
Suppose -4*s + 3*z = -41, s - z = -3*s + 51. Suppose -46 = -4*n - s. What is the units digit of n?
8
Let y = -22 + 101. What is the units digit of y?
9
Suppose 10*j - 12*j + 226 = 0. What is the tens digit of j?
1
Suppose 4*a = -3*u + 4, -4*u = -a + 20 - 0. Let k = a + 8. What is the tens digit of k?
1
Suppose 3*z - 2*y = -z + 888, -5*z + 5*y + 1110 = 0. Let h be z/9 + 4/(-6). Suppose 0 = -3*j - j + h. What is the units digit of j?
6
Let k be ((-3)/2)/(2/4). Let r = 4 + -3. What is the units digit of r*k/(3/(-7))?
7
Suppose 8*c = 51 + 293. What is the tens digit of c?
4
Suppose -5*d + 113 + 62 = 0. What is the tens digit of d?
3
Suppose -31 = -c - 3*w, c - 4*w + 140 = 5*c. Let t = c - -5. What is the units digit of t?
2
Let o be (-2 + 6/(-3))*-1. Suppose -5*m + 13 - 28 = o*f, m = 4*f - 27. Let d = 15 + m. What is the units digit of d?
8
Let k = -214 + 315. What is the units digit of k?
1
Let u be (-14)/(-3)*(-36)/(-14). What is the units digit of -10 + u - (1 + -3)?
4
Suppose 0 = 5*c - 4 - 16. Suppose -c = -5*i + 56. What is the units digit of i?
2
Let n(a) = -7*a. Let f be n(-2). Suppose 6*d - 5*y - 45 = d, 5*d + 5*y - 15 = 0. Suppose -2*l + 24 = -x + d*x, -3*l - 2*x = -f. What is the units digit of l?
2
Let t(w) = -22*w + 5. What is the units digit of t(-8)?
1
Suppose 2*k = -k + 21. Let r = 4 - k. Let c(y) = -y**2 - 5*y - 4. What is the units digit of c(r)?
2
What is the tens digit of ((-18)/8)/((-12)/144)?
2
Let s be (-104)/(-39)*15/4. Let o(p) be the first derivative of p**2 - 13*p - 1. What is the units digit of o(s)?
7
Suppose -4*c + 1295 = c - 5*v, -c + 251 = -5*v. What is the hundreds digit of c?
2
Suppose 12 = 4*b - 88. What is the tens digit of b?
2
Let r = 36 - 19. Let j = r + 11. Let y = j - 17. What is the tens digit of y?
1
Let h be ((-9)/(-4))/(8/384). Suppose 5*k - k = h. What is the tens digit of k?
2
Let c be (-730)/7 + 2/7. What is the units digit of 3/2*c/(-12)?
3
Suppose 0 = y - 2. Suppose -2 = u, -3*u = y*n - 8 - 0. What is the units digit of n?
7
Suppose 8 = 2*x - 4*k, x - 7 = -0*k + 5*k. Let g = -8 - -11. Suppose 0 = g*w - x*w - 12. What is the units digit of w?
2
What is the tens digit of (8 - 2)/2 - -31?
3
Suppose 2*d = 2*l - 14, -4*d + l + 8 = 33. Let y = 10 + d. Suppose 0*q = -5*q - b + 38, 33 = 3*q + y*b. What is the units digit of q?
7
Let u(k) = 2*k - 3 - 2*k + 2*k**2 + 2*k. Let d = -24 - -26. What is the units digit of u(d)?
9
Let f = 32 + 195. What is the units digit of f?
7
What is the units digit of (-158)/(-2) - (-20)/(-5)?
5
Let o(c) be the first derivative of c**2 - 3*c + 1. Let t be 1 - (1/(-1) + -3). What is the units digit of o(t)?
7
Let g(z) = 2 - 3*z**3 - 7*z + 2*z**3 - 8*z**2 + 6*z + 2. What is the units digit of g(-8)?
2
Let h(w) = w - 3. Suppose -i = 4*i - 10. Suppose -f + 2 = -i. What is the units digit of h(f)?
1
Let f = 0 + -5. Let g be (4/f)/(1/(-5)). Suppose 0 = -4*r - 5*q + 37, -g*r + 3*q = -5 - 24. What is the units digit of r?
8
Suppose r + 91 = 4*h - 5, -4*h - r + 88 = 0. What is the tens digit of h?
2
Let o = -4 - -4. Suppose 19 = -o*u + u. Suppose 3*y - s = 11, 2*y - 7*y + s + u = 0. What is the units digit of y?
4
Let u(y) = -3*y + 7. Let i be u(-3). Suppose 0 = 3*n - 59 - i. What is the tens digit of n?
2
Let d(k) = k - 5. Let p be d(7). Suppose -p*v = -y - 2*y - 16, 4*y = -8. Suppose -m - v*c - 13 = -c, 2*c - 1 = -3*m. What is the units digit of m?
3
Let v(s) = 2*s**2 - 2*s + 3. Let c be v(3). Suppose c - 3 = -5*k + x, 12 = -4*x. What is the units digit of 1/k - 4/(-3)?
1
Suppose -3*o = -8*o + 10. What is the units digit of o/7 - 178/(-14)?
3
Suppose -2*q + 4*q + 5*v = 37, 0 = 3*q - v - 13. Let s(y) = 3*y + 12. What is the tens digit of s(q)?
3
Let r be 0/((2 + -3)*1). L